inder when 345 is divided by 32?
25
What is the remainder when 133 is divided by 54?
25
What is the remainder when 3892 is divided by 22?
20
What is the remainder when 26 is divided by 14?
12
What is the remainder when 524 is divided by 8?
4
Calculate the remainder when 325 is divided by 28.
17
What is the remainder when 88 is divided by 45?
43
Calculate the remainder when 1529 is divided by 168.
17
Calculate the remainder when 439 is divided by 74.
69
What is the remainder when 133 is divided by 24?
13
Calculate the remainder when 26 is divided by 19.
7
What is the remainder when 10098 is divided by 15?
3
Calculate the remainder when 344 is divided by 87.
83
What is the remainder when 84 is divided by 68?
16
What is the remainder when 20 is divided by 5?
0
What is the remainder when 13 is divided by 7?
6
What is the remainder when 55 is divided by 32?
23
What is the remainder when 1605 is divided by 67?
64
What is the remainder when 2038 is divided by 4?
2
What is the remainder when 4166 is divided by 5?
1
Calculate the remainder when 2801 is divided by 234.
227
Calculate the remainder when 1036 is divided by 255.
16
What is the remainder when 365 is divided by 61?
60
Calculate the remainder when 584 is divided by 113.
19
Calculate the remainder when 4198 is divided by 323.
322
Calculate the remainder when 39 is divided by 12.
3
What is the remainder when 1222 is divided by 95?
82
Calculate the remainder when 4911 is divided by 54.
51
What is the remainder when 157 is divided by 6?
1
What is the remainder when 11 is divided by 3?
2
Calculate the remainder when 1275 is divided by 116.
115
Calculate the remainder when 97 is divided by 10.
7
What is the remainder when 168 is divided by 19?
16
Calculate the remainder when 11003 is divided by 14.
13
What is the remainder when 47 is divided by 29?
18
What is the remainder when 1106 is divided by 1069?
37
Calculate the remainder when 135 is divided by 6.
3
What is the remainder when 3401 is divided by 308?
13
Calculate the remainder when 129 is divided by 19.
15
Calculate the remainder when 369 is divided by 216.
153
What is the remainder when 447 is divided by 8?
7
What is the remainder when 326 is divided by 83?
77
What is the remainder when 859 is divided by 21?
19
What is the remainder when 305 is divided by 28?
25
What is the remainder when 2015 is divided by 88?
79
What is the remainder when 1487 is divided by 556?
375
Calculate the remainder when 27257 is divided by 22.
21
Calculate the remainder when 926 is divided by 91.
16
What is the remainder when 224 is divided by 76?
72
Calculate the remainder when 306 is divided by 76.
2
What is the remainder when 696 is divided by 312?
72
Calculate the remainder when 334 is divided by 43.
33
What is the remainder when 621 is divided by 11?
5
Calculate the remainder when 499 is divided by 24.
19
Calculate the remainder when 435 is divided by 10.
5
Calculate the remainder when 12764 is divided by 57.
53
What is the remainder when 196 is divided by 74?
48
Calculate the remainder when 310 is divided by 24.
22
What is the remainder when 127 is divided by 27?
19
Calculate the remainder when 637 is divided by 11.
10
Calculate the remainder when 392 is divided by 150.
92
Calculate the remainder when 544 is divided by 98.
54
Calculate the remainder when 245 is divided by 57.
17
Calculate the remainder when 5507 is divided by 38.
35
Calculate the remainder when 261 is divided by 33.
30
Calculate the remainder when 122 is divided by 22.
12
Calculate the remainder when 447 is divided by 74.
3
What is the remainder when 121 is divided by 62?
59
Calculate the remainder when 2866 is divided by 11.
6
Calculate the remainder when 28 is divided by 19.
9
Calculate the remainder when 183 is divided by 92.
91
Calculate the remainder when 1645 is divided by 3.
1
What is the remainder when 125 is divided by 51?
23
Calculate the remainder when 216 is divided by 13.
8
Calculate the remainder when 358 is divided by 18.
16
Calculate the remainder when 833 is divided by 28.
21
Calculate the remainder when 39 is divided by 7.
4
What is the remainder when 12713 is divided by 161?
155
What is the remainder when 189 is divided by 33?
24
Calculate the remainder when 95 is divided by 5.
0
Calculate the remainder when 217 is divided by 32.
25
Calculate the remainder when 1940 is divided by 277.
1
Calculate the remainder when 1204 is divided by 21.
7
What is the remainder when 1108 is divided by 139?
135
What is the remainder when 481 is divided by 121?
118
What is the remainder when 15735 is divided by 86?
83
What is the remainder when 1745 is divided by 92?
89
What is the remainder when 1549 is divided by 19?
10
What is the remainder when 132 is divided by 54?
24
What is the remainder when 151 is divided by 26?
21
Calculate the remainder when 805 is divided by 111.
28
Calculate the remainder when 74 is divided by 38.
36
What is the remainder when 704 is divided by 4?
0
Calculate the remainder when 239 is divided by 35.
29
What is the remainder when 357 is divided by 115?
12
Calculate the remainder when 690 is divided by 230.
0
Calculate the remainder when 2694 is divided by 20.
14
What is the remainder when 1184 is divided by 247?
196
What is the remainder when 68 is divided by 19?
11
What is the remainder when 1720 is divided by 42?
40
Calculate the remainder when 4415 is divided by 13.
8
Calculate the remainder when 2685 is divided by 69.
63
What is the remainder when 66 is divided by 49?
17
Calculate the remainder when 959 is divided by 197.
171
Calculate the remainder when 1542 is divided by 15.
12
What is the remainder when 377 is divided by 100?
77
What is the remainder when 723 is divided by 25?
23
What is the remainder when 350 is divided by 14?
0
Calculate the remainder when 306 is divided by 45.
36
Calculate the remainder when 4 is divided by 4.
0
Calculate the remainder when 256 is divided by 87.
82
What is the remainder when 87 is divided by 15?
12
What is the remainder when 343 is divided by 116?
111
What is the remainder when 1521 is divided by 102?
93
What is the remainder when 225 is divided by 55?
5
Calculate the remainder when 346 is divided by 26.
8
What is the remainder when 143 is divided by 38?
29
What is the remainder when 2675 is divided by 206?
203
What is the remainder when 812 is divided by 74?
72
Calculate the remainder when 103 is divided by 8.
7
What is the remainder when 5258 is divided by 195?
188
Calculate the remainder when 6534 is divided by 156.
138
What is the remainder when 264 is divided by 132?
0
What is the remainder when 245 is divided by 54?
29
Calculate the remainder when 7872 is divided by 75.
72
Calculate the remainder when 1782 is divided by 29.
13
What is the remainder when 899 is divided by 298?
5
What is the remainder when 75 is divided by 21?
12
What is the remainder when 4222 is divided by 8?
6
Calculate the remainder when 143 is divided by 20.
3
Calculate the remainder when 1022 is divided by 206.
198
Calculate the remainder when 208 is divided by 30.
28
What is the remainder when 318 is divided by 117?
84
What is the remainder when 1885 is divided by 51?
49
What is the remainder when 321 is divided by 25?
21
Calculate the remainder when 137 is divided by 24.
17
Calculate the remainder when 58 is divided by 15.
13
Calculate the remainder when 663 is divided by 37.
34
What is the remainder when 27 is divided by 2?
1
What is the remainder when 289 is divided by 77?
58
What is the remainder when 5451 is divided by 19?
17
Calculate the remainder when 5343 is divided by 11.
8
Calculate the remainder when 22 is divided by 6.
4
What is the remainder when 730 is divided by 123?
115
Calculate the remainder when 1045 is divided by 216.
181
What is the remainder when 147 is divided by 54?
39
What is the remainder when 153 is divided by 6?
3
What is the remainder when 41 is divided by 8?
1
Calculate the remainder when 1565 is divided by 750.
65
What is the remainder when 53 is divided by 11?
9
What is the remainder when 45 is divided by 42?
3
Calculate the remainder when 87 is divided by 9.
6
What is the remainder when 2726 is divided by 76?
66
What is the remainder when 10676 is divided by 36?
20
Calculate the remainder when 6655 is divi